 + 1. What is the remainder when 101 is divided by a(d)?
23
Let i be (19/38)/(2/(-4)). Let b(g) = -67*g**3 + g**2 - 2*g - 2. Let p be b(i). Suppose 0*j - p = -4*j. What is the remainder when j is divided by 6?
5
Suppose 3*l - 7*l = 5*v - 270, -4*v + 5*l + 257 = 0. Calculate the remainder when 636 is divided by v.
56
Let p = 32 - 18. Let c(n) = n**3 - 8*n**2 + 8*n - 7. Let i be c(5). Let o = 83 + i. Calculate the remainder when o is divided by p.
13
Suppose 1 - 26 = -5*d. Suppose -2*l = 0, r - 4*l + 156 = d*r. Calculate the remainder when r is divided by 14.
11
Suppose 0 = 6*x + 241 - 901. Calculate the remainder when x is divided by 57.
53
Suppose -4*r + 95 = r. Let x(n) = 94*n**2 - n. Calculate the remainder when x(1) is divided by r.
17
Suppose 0 - 39 = -3*x. Let r(s) = s**3 - 17*s**2 + 20*s - 15. Let z = -178 + 194. What is the remainder when r(z) is divided by x?
10
Suppose 8 = -3*y + 26. Calculate the remainder when 111 is divided by y.
3
Let k = 310 - 141. Suppose -2*c + 3*c = -89. Let n = 132 + c. Calculate the remainder when k is divided by n.
40
Let r be 5/((-55)/2) - (-20)/(-11). What is the remainder when (156/21)/(r - 48/(-21)) is divided by 10?
6
Let i(b) = -b**2 + 15*b - 28. Let f = -28 + -19. Let l = f + 108. What is the remainder when l is divided by i(12)?
5
Let z(d) = d**3 + 11*d**2 - 12*d + 12. Calculate the remainder when (-3)/(-6)*(117 - 1) is divided by z(-12).
10
Let n = 2202 + -1877. What is the remainder when n is divided by 109?
107
Suppose -5*b = -471 + 101. Calculate the remainder when 215 is divided by b.
67
Calculate the remainder when (27/6)/9*2 + 102 is divided by 21.
19
Suppose 0 = -p + 21 + 61. What is the remainder when p is divided by 16?
2
Suppose 3*x = 4*y - 83 - 70, 5*y - 190 = 5*x. Calculate the remainder when y is divided by 32.
7
Let s = -59 + 75. Let g = s - -2. What is the remainder when g is divided by 10?
8
Calculate the remainder when 2*4*(-7)/56 + 222 is divided by 32.
29
Suppose -2*g = 42 - 162. Let t = 9 + -4. Suppose 94 = 4*d + t*u, 2*d = -2*d - u + 86. What is the remainder when g is divided by d?
18
Suppose -20*g = -60*g + 11320. Calculate the remainder when g is divided by 57.
55
Suppose -93 - 63 = -39*n. What is the remainder when 56 is divided by n?
0
Suppose 20 = 5*y - 0*y. Let g = 15 + -2. Let r = g + y. What is the remainder when r is divided by 5?
2
What is the remainder when ((-102)/21 - -5) + (-4338)/(-14) is divided by 24?
22
Let c(b) = b + 26. What is the remainder when 153 is divided by c(-13)?
10
Let q(g) = 2*g - 9. What is the remainder when 728 is divided by q(15)?
14
Let d = 60 - 98. Let u = -10 - d. Suppose 0 = 2*v + 2*v - u. What is the remainder when 20 is divided by v?
6
Suppose f = -4*f + u + 37, 5*u = 3*f - 9. Let s = f + -13. Calculate the remainder when (-6)/(-3) + s - -5 is divided by 1.
0
What is the remainder when 401 is divided by 0/(-2) - 11/(55/(-255))?
44
Calculate the remainder when 63 is divided by 812/34 + 13 + (-219)/17.
15
Suppose 5*w - 21 = 2*w. Let n = -751 + 762. What is the remainder when n is divided by w?
4
Suppose 5*g - 19 = o, 0 = 2*o - 5*g + 2*g + 10. Let c = 6 - o. What is the remainder when 1/3 - 70/(-6) is divided by c?
2
Suppose 0 = -b + 3 + 1. Suppose 3*x + 2*o - 130 = 2*x, b*o = x - 154. Suppose x = 3*a - a. What is the remainder when a is divided by 24?
21
Let j(f) = 5*f**3 + f**2 + 3*f - 1. Suppose r - 144 = -2*r. Let z = r + -31. Calculate the remainder when j(2) is divided by z.
15
Suppose 2*f + 9 = 89. Let i(c) = -16*c + 5. Let s be i(-6). Suppose 5*a - s = -g, 2*g + 50 = -0*a + 2*a. Calculate the remainder when f is divided by a.
19
Suppose 5*v - 9*v + 8 = 0. Suppose 159 = v*t + 3*c, 6*t - 322 = 2*t - 2*c. Calculate the remainder when t is divided by 21.
18
Let h = 42 - 16. Let p = -9 + h. Let o(l) = 5*l**3 - 3*l**2 + 5*l - 5. What is the remainder when o(2) is divided by p?
16
Calculate the remainder when 28 is divided by (2/6)/(45/675).
3
Let h = -261 - -370. What is the remainder when h is divided by 5?
4
Suppose -5*t + 2*t - 5*h + 205 = 0, -4*t + 268 = 4*h. What is the remainder when 128 is divided by t?
63
Let p = 72 + -47. Let w = -11 + p. What is the remainder when 67 is divided by w?
11
Suppose 4*h - 331 = 117. Suppose 0 = 2*p - 6*p + h. What is the remainder when 110 is divided by p?
26
Let q(g) = -g**3 + 7*g**2 - 5*g + 1. Calculate the remainder when 43 is divided by q(5).
17
Let s(h) = 2*h**3 + 12*h**2 + 3*h + 5. Let v be s(-8). Let r be (32/5)/(22/v). Let k = 131 + r. Calculate the remainder when k is divided by 18.
15
Let n(r) = -r + 4. Let u = 8 - 5. Suppose -14 = -u*w - h, -4*w - h + 17 = 2*h. What is the remainder when n(-10) is divided by w?
4
Let d(z) = z**2 - 3*z - 11. What is the remainder when 293 is divided by d(11)?
62
Let d = -22 + 27. What is the remainder when 38 is divided by d/((-10)/3)*100/(-15)?
8
Let w be (-3)/(-7) - 1235/(-91). Suppose w*d = 18*d - 148. Calculate the remainder when d is divided by (-8)/(-10)*50/4.
7
Let n(s) = 5*s - 2*s**2 + 7 + 3*s + s**2. Suppose 5*p - 7 = 3*v, -1 = 2*v - 3. What is the remainder when n(8) is divided by p?
1
Suppose 0 = -l + 5*q + 108, -17*l + 432 = -13*l + q. What is the remainder when 201 is divided by l?
93
Let m = 648 - 611. What is the remainder when 108 is divided by m?
34
Let z = -49 - -68. Suppose 4*q = -68 + 292. Calculate the remainder when q is divided by z.
18
What is the remainder when 180 is divided by 5/(-10)*-80 + (-6)/2?
32
Calculate the remainder when 199 + 43 + (-3 - 2) is divided by 80.
77
Let m = 770 + -735. Calculate the remainder when 56 is divided by m.
21
Let m(p) = -p**2 + 16. Suppose -5*s - 24 - 1 = f, -f + s = -5. Suppose i = h - 9 + 41, 2*i - h - 59 = 0. Calculate the remainder when i is divided by m(f).
11
Let l = -12 - -64. Calculate the remainder when 515 is divided by l.
47
Suppose -5*w - 3*u - 288 = 0, 0 = w + 4*u + 55 + 6. Let l = -30 - w. What is the remainder when l is divided by 14?
13
Suppose -4*m + 42 = -2. What is the remainder when 29 is divided by m?
7
Suppose -2*z - 3*z + n = -15, 6 = -2*z - 2*n. Suppose 4*h - 6 = z*h. What is the remainder when 81 is divided by (h/6)/(5/420)?
39
Let j(a) = a**3 - 6. Let d be j(0). Let v be 4/d - 80/(-12). Let u = -2 + v. What is the remainder when 11 is divided by u?
3
Suppose -548*a = -546*a - 774. What is the remainder when a is divided by 5?
2
Calculate the remainder when 77 is divided by 3 - (44/(-2) - 5).
17
Let b(d) = 6*d**2 + d. Let s be b(-1). Suppose 25 = 2*z + 3*u, s = -4*z + 2*z + 3*u. Suppose 4 = 8*m - 6*m. What is the remainder when z is divided by m?
1
Let w(x) = -140*x + 2. Let p be w(1). Let b = -367 + 150. Let k = p - b. Calculate the remainder when k is divided by 20.
19
Let m(k) = k - 1. Let h be m(3). Let b(v) = 5*v - 1 - 5*v + 2*v + 0*v. What is the remainder when 4 is divided by b(h)?
1
Let z = -26 + 77. Suppose 0 = 2*n - b - 41, 3*n - 4*b - 18 - z = 0. Calculate the remainder when n is divided by 7.
5
Suppose 3*l + 5*u - 25 = 3*u, 0 = -4*l - 5*u + 24. Suppose -27*j + 3021 = 30*j. Calculate the remainder when j is divided by l.
9
Let a = 1639 - 1616. Calculate the remainder when a is divided by 5.
3
Suppose 6*l = 5*l + 126. Let m(x) = -l*x + 130*x - 1 - 1. Calculate the remainder when 25 is divided by m(4).
11
Suppose 3*m = 12, -2*m + 0*m + 53 = 3*s. Let l be (112/(-6))/((-5)/s). Suppose t + l = 5*t. Calculate the remainder when 39 is divided by t.
11
Suppose 40*i - 60*i = -820. Suppose 4*r + 12 = 6*r. Calculate the remainder when i is divided by r.
5
Let j(l) = -l**2 + 10*l + 18. Let p = 95 + -84. Calculate the remainder when 20 is divided by j(p).
6
Suppose -5*f = -3*b + 20, -f - 20 = 4*f. Suppose -5*n + 95 = 4*w, w + 3*n - 17 = 4*n. Suppose -5*c + b*c = -w. Calculate the remainder when 10 is divided by c.
2
Let h = 3 + 1. Let z(q) = q**2 + q + 2. Let n be z(h). Suppose 21*k = n*k - 8. What is the remainder when 23 is divided by k?
7
Let v(r) = r**2 + r + 8. Suppose 0 = 6*u - 23*u. Suppose u = 3*z + 4 - 28. What is the remainder when v(-6) is divided by z?
6
Let b(c) = 10*c**2 - 5*c - 79. Calculate the remainder when b(-6) is divided by 26.
25
Let m = 19 + -11. Suppose -12*f + m*f = -12. Suppose -3*i = f*i - 150. Calculate the remainder when i is divided by 14.
1